t i(q) = -q**3 - 7*q**2 + 9*q - 8. What is i(y)?
-16
Suppose -80 - 84 = 5*d + v, -d - 4*v - 48 = 0. Let z = d + 34. Suppose 3*q = p - 0*p - 13, 0 = z*p + 4. Let s(f) = -2*f - 2. Determine s(q).
8
Let p(x) be the first derivative of x**4/4 - 4*x**3/3 + 2*x**2 - 4*x + 178. What is p(4)?
12
Let t be -35 - (-3*(-1 + 0) + -2). Let b = 42 + t. Let n(a) be the first derivative of -a**4/4 + 7*a**3/3 - 5*a**2/2 - a - 1. Calculate n(b).
5
Let t(y) = 2*y**2 - y + 2. Let x = 81 - 86. Let b(d) = 4*d**2 - 3*d + 3. Let m(o) = x*t(o) + 3*b(o). Calculate m(4).
15
Suppose 0 = 2*v - 14 - 6. Suppose 14*g = v*g - 20. Let p(n) = 4*n + 7. What is p(g)?
-13
Let b(j) = j**2 + j + 10. Let l(h) = h**3 - h**2 - 12*h. Let x = -39 + 43. Let i be l(x). What is b(i)?
10
Let h(m) = -4 + 0*m**3 + 3 + m**3 + 3*m**2. Let z be (2/(-4)*9)/(3/(-8)). Suppose -15*f = -11*f + z. Determine h(f).
-1
Let x(r) = -6 + r + 2 + 3 + 0*r. Let q be x(-6). Let s(a) = -3*a**2 + 11*a - 19. Let o(v) = v**2 - 4*v + 6. Let c(w) = q*o(w) - 2*s(w). Calculate c(4).
4
Let v(x) be the first derivative of x**5/20 - x**4/4 + x**3/2 - 3*x**2/2 + 51*x + 56. Let q(p) be the first derivative of v(p). Give q(2).
-1
Let b(m) = -m**2 + 5*m. Let t(i) be the first derivative of i**3/3 - 3*i**2/2 - 12*i - 6. Let c be t(6). Give b(c).
-6
Let u(o) be the second derivative of -o**8/6720 + o**7/315 - o**6/120 - o**5/60 + o**4/4 + 8*o. Let v(j) be the third derivative of u(j). Give v(7).
5
Let r(l) be the third derivative of -13/24*l**4 + 0 - 1/360*l**6 + 1/20*l**5 + 0*l - 8*l**2 + 0*l**3. Let a(f) be the second derivative of r(f). Determine a(6).
-6
Suppose 8*q + 40 = 160. Let i(c) = c + 3. Calculate i(q).
18
Let o be 80/140 - 6/(-14). Let r be 20/(-5)*o/(-1). Let g(t) = -t**2 + 4*t + 1. What is g(r)?
1
Let o(n) = -9*n**2 - 8 - 4*n**3 + 5*n**3 + 10*n**2 + 7*n - 7*n**2. What is o(6)?
34
Let r(u) = 9*u**2 - 1. Let m = 20 - 17. Suppose 7*y = 10*y - m. Calculate r(y).
8
Let g(r) be the first derivative of -1/120*r**6 - 1/15*r**5 - r**3 + 3/2*r**2 - 1/6*r**4 + 4 + 0*r. Let x(w) be the second derivative of g(w). Give x(-4).
10
Let j(l) = l**2 + 65*l + 862. Let y be j(-47). Let b(q) = -q**3 + 16*q**2 - q. Determine b(y).
-16
Let f(g) be the third derivative of -g**6/360 + 3*g**4/8 - 37*g**3/6 + 7*g**2. Let h(p) be the first derivative of f(p). What is h(0)?
9
Let x(o) be the first derivative of -7*o**5/60 - o**4/24 + 2*o**2 - 16. Let m(f) be the second derivative of x(f). What is m(-1)?
-6
Let p(m) = -18*m**2 + 2*m - 30. Let j(z) = -5*z**2 + z - 9. Let v(i) = 7*j(i) - 2*p(i). Suppose -5*o - 8 = -3*o. Determine v(o).
1
Let u(m) = 2*m**3 + 1. Suppose 61*c - 64*c = l, 3*c + 2*l - 3 = 0. Calculate u(c).
-1
Let v be 6/(-21) + 144/14. Let d(f) = -9*f**2 + v + 5 - 16. Give d(-1).
-10
Suppose 4*d + 36 = 2*v, 0 = 2*v - 3*d + 2*d - 39. Let x = 25 - v. Suppose 4*y - 4 = r + 4*r, y + x*r = 26. Let l(s) = s**3 - 5*s**2 - 7*s + 9. Give l(y).
3
Let i(z) = -7*z**3 + z**2 + 3. Let v(n) = -3*n**3 + n**2 + 1. Let q(m) = 2*i(m) - 5*v(m). Determine q(1).
-1
Let c = -7 - 1. Let k = c + 11. Suppose -k*z + 3 = -4*z. Let r(u) = -u**3 - 3*u**2 + 5*u + 3. What is r(z)?
-12
Let l(r) = 2*r. Suppose -4*f + 16 = -z, 0 = -3*z + 2*f - 82 + 24. Let t be (z + 21)/(2/(-4)). Calculate l(t).
-4
Let h(a) be the first derivative of -a**2/2 - 5. Suppose -2*g + 16 = -6*g. Let t be h(g). Let j(o) = -o**2 + 2*o. What is j(t)?
-8
Let w(s) be the second derivative of -13/2*s**2 + 5*s + 0 + 1/12*s**4 - 3/2*s**3. Determine w(10).
-3
Let f be (1 - 1)/(-3) + 6. Let n(c) be the third derivative of 14*c**2 - 7/24*c**4 + 0*c + 1/120*c**6 + 1/6*c**3 - 1/12*c**5 + 0. Determine n(f).
-5
Let o(m) = 4*m**2 - 2655 - m**2 + 2655 + m. Determine o(1).
4
Let f(n) = -3*n + 5*n + 3*n - 4*n + 32 - 3*n. Calculate f(11).
10
Let w(s) = s**2 + 8*s + 16. Suppose o - 4*c = 0, -3*o + 4*c - 17 = -1. Let u be w(o). Let r = u - 15. Let t(q) = 4*q**2 - 2*q + 1. What is t(r)?
3
Let a(q) = 2*q + 21. Let b(u) be the first derivative of -u**2/2 - 10*u + 4. Let r(f) = 6*a(f) + 13*b(f). What is r(-8)?
4
Let o(h) = h**2 + 5*h - 3. Suppose 0 = -5*r - 3*r - 8. Let b be 35/45 + r - 52/9. Determine o(b).
3
Suppose -5*z + 4*z + 1 = 0. Let d(s) = -z - s**2 + 6 + 6 - 6*s - 12. Calculate d(-7).
-8
Let q(o) be the third derivative of -o**5/60 + o**3/2 - 13*o**2 - 2*o. Determine q(5).
-22
Suppose 3*m = -o + 34, 4*o - 11 + 79 = 5*m. Suppose 5*r - r = -m. Let z(g) = -g - 5. Let l(y) = -3*y - 11. Let h(k) = 4*l(k) - 9*z(k). Calculate h(r).
10
Let n(o) = -o - 5. Suppose 4*m + c + 230 = 40, 3*m = 3*c - 135. Let b = m - -37. What is n(b)?
5
Suppose -c = -2*n + 10, -3*n + 15 = 2*c - 3*c. Let r(p) be the third derivative of -p**6/120 - p**5/60 + p**4/24 - 2*p**3/3 + 4*p**2. Calculate r(c).
-4
Let j(x) = -x**2 - 1 - 2*x + x**2 + 2*x**2. Let w(i) = 11*i**2 - i. Let z be w(-1). Let h = z - 13. Give j(h).
3
Let c(y) = -12*y - 24. Let j(x) = -14*x - 30. Let t(a) = 6*c(a) - 5*j(a). Determine t(6).
-6
Let k(l) = 7*l**2 - 13*l - 22. Let t(y) = -4*y**2 + 7*y + 12. Let h(c) = 6*k(c) + 11*t(c). Determine h(-1).
-1
Let d(t) = -2*t - 16. Let x = -1248 + 1236. What is d(x)?
8
Let w(o) = -o + 15*o - 7*o - 4*o - 15. Calculate w(7).
6
Let v be (-19)/((-152)/16) + -5. Let i(j) = 5*j**2 + 6*j + 2. Determine i(v).
29
Let z(p) = -p**3 + 7*p**2 - 3*p - 4. Let f be z(6). Let s = -16 + f. Let l(w) be the first derivative of 3*w**2/2 + 6. What is l(s)?
-6
Suppose 0 = -3*b - 2*i - 32, -4*i = -3*i + 1. Let a = b - -10. Let o(z) = -z. Let y be o(a). Let l(m) = -m + 9. What is l(y)?
9
Let c(d) = d**2 + 8*d + 10. Let v(u) = -u**3 - 8*u**2 - 5*u + 7. Let h(l) = -l**2 - 2*l + 1. Let s be h(2). Let k be v(s). Give c(k).
3
Suppose 5*o - 15 = -5*m, 3*m - 7*m = -4*o - 4. Suppose 2*z + 3 = 5*w - 8, -m*w + 12 = 3*z. Let v(c) = -3*c**2 + 3*c - 2. Calculate v(z).
-8
Let v(u) = u**2 + u + 5. Let x(y) = -24*y**2 - 147*y - 21. Let m be x(-6). Calculate v(m).
11
Let r = -94 - -90. Let w be r + -5 + 9 + -5. Let i(y) = y**3 + 5*y**2 + 2*y + 5. Give i(w).
-5
Let a(s) = -s + 23. Let m(b) = b - 26. Let l(k) = 3*a(k) + 2*m(k). Give l(16).
1
Suppose -6*o + 8 = -2*o. Let k(i) = -4*i - 17 - i**o + 5 + 9 - 4*i. Determine k(-8).
-3
Let o = -6 - -11. Suppose -5*n + 4*n + 3 = 0. Let y(u) = -8*u**3 + 5*u**2 - u + 7*u**n + 8 - 4 + 0*u. What is y(o)?
-1
Let o(s) be the first derivative of -s**3/3 + 5*s**2/2 + 11*s + 302. Calculate o(8).
-13
Let j(h) = -29*h**3 - 17*h**2 - 6*h - 4. Let b(u) = 34*u**3 + 18*u**2 + 5*u + 5. Let y(f) = 6*b(f) + 7*j(f). Determine y(12).
2
Let q(x) be the second derivative of x**4/6 + x**3/3 + 3*x**2/2 - 2*x. Suppose 5*i - 3 = -13. What is q(i)?
7
Let w(d) = -d**2 - 2*d. Let j(m) = m**2 - 1. Let s(t) = 2*t**2 - 9*t - 13. Let i(g) = 3*j(g) - s(g). Let f be i(-7). Calculate w(f).
-8
Suppose -8 = -8*i + 6*i. Let b(g) = -4*g + 6 + 4 - 5 - i. Give b(1).
-3
Let s = 657 - 652. Let c(y) = y**3 - 6*y**2 + 3*y + 7. Determine c(s).
-3
Let z(c) = c**3 - 6*c**2 + 2*c + 10. Suppose 5*p - g = -0*g + 23, -4*g - 12 = -4*p. Let f be z(p). Let k(q) = -q**2 - 4*q + 4. Determine k(f).
-1
Suppose x - 2*z - 12 + 20 = 0, 0 = -2*x - z + 9. Let t(q) = -q**2 - 2*q + 3. What is t(x)?
-5
Let k(z) = -z**3 + 4*z**2 + 3*z - 6. Let m = -4 + 6. Suppose -4 = -4*s + q + 8, m*s + 2*q = -4. Suppose 2*p = -5*c + 13, s*c - 1 = 1. What is k(p)?
6
Let h(d) = 12*d - 10*d + 21 - 10. Calculate h(-7).
-3
Let x(o) = -7 - 5 + 2*o - 4*o + 3*o. Let k(a) = 7 - 3*a**2 - 2 - 5*a**2 - a**3 + 9*a. Let q be k(-9). Calculate x(q).
-7
Let g be (-16)/(-56) - 99/(-21). Suppose p - g*d + 31 = 0, -d + 5 + 30 = -5*p. Let a(o) = o**3 + 7*o**2 + 4*o - 2. What is a(p)?
10
Let n be (-14)/(-42) - (-2 - 2/3). Let r(b) = -2 - 19*b - 10*b + 30*b - b**n. What is r(-2)?
4
Let n(j) = j**3 + 11*j**2 - 2*j - 11. Suppose 4*s = -2*i - 42, 3*s + 48 = 2*i - 5*i. Determine n(i).
11
Suppose 3*q = 2*f - 4, 4*f = -5*q - f - 15. Let p(v) = -2*v**3 - 4*v**2 - 3*v - 1. Determine p(q).
5
Let y(z) = z**2 - 4*z + 8. Let f(h) = -h. Let r(t) = -5*t - 54. Let j be r(-11). Let s(a) = j*y(a) + f(a). Determine s(6).
14
Let y(v) = 2*v + 5. Let n(q) = q + 2. Let t(a) = 6*n(a) - 2*y(a). Give t(5).
12
Let r(i) = -i**3 - 4*i**2 + 4*i - 1. Let p be r(-5). Let f(a) = 13 - 2*a + 2*a - 14 + p*a. What is f(1)?
3
Let u(c) = -4*c - 5. Let k be (-210)/(-385) + 1